Calculate the highest common divisor of 266 and 22.
2
Calculate the greatest common factor of 127 and 28702.
127
Calculate the highest common divisor of 56920 and 40.
40
What is the greatest common factor of 903 and 1290?
129
Calculate the highest common divisor of 1472 and 345.
23
Calculate the highest common divisor of 49 and 1421.
49
What is the greatest common factor of 20 and 2870?
10
What is the greatest common divisor of 250 and 56750?
250
What is the highest common factor of 5430 and 270?
30
Calculate the highest common divisor of 21590 and 254.
254
Calculate the greatest common divisor of 22 and 363.
11
What is the highest common divisor of 9581 and 67?
67
Calculate the greatest common divisor of 105 and 1974.
21
Calculate the greatest common factor of 14700 and 24.
12
What is the greatest common divisor of 118 and 25901?
59
What is the greatest common divisor of 2 and 8?
2
What is the greatest common factor of 126 and 8442?
126
Calculate the highest common divisor of 767 and 39.
13
Calculate the greatest common factor of 7 and 26.
1
Calculate the greatest common factor of 5430 and 12.
6
What is the highest common divisor of 49 and 28?
7
Calculate the highest common factor of 504 and 216.
72
What is the highest common factor of 1048 and 56?
8
What is the highest common factor of 1136 and 592?
16
Calculate the highest common divisor of 2204 and 836.
76
What is the highest common factor of 150 and 1075?
25
Calculate the highest common factor of 858 and 198.
66
What is the highest common factor of 114 and 24?
6
Calculate the greatest common factor of 65 and 871.
13
Calculate the highest common divisor of 1808 and 16.
16
What is the highest common factor of 14 and 70?
14
What is the highest common divisor of 88 and 88?
88
What is the highest common divisor of 4 and 52?
4
Calculate the highest common divisor of 32 and 256.
32
What is the highest common factor of 32 and 784?
16
Calculate the highest common divisor of 38 and 304.
38
What is the highest common factor of 20 and 640?
20
Calculate the greatest common factor of 250 and 130.
10
Calculate the greatest common factor of 6 and 32.
2
Calculate the greatest common divisor of 145 and 485.
5
Calculate the highest common divisor of 30 and 3915.
15
What is the highest common factor of 1086 and 6?
6
What is the greatest common divisor of 35 and 1183?
7
Calculate the highest common divisor of 147 and 637.
49
What is the greatest common divisor of 2047 and 46?
23
Calculate the greatest common divisor of 459 and 204.
51
What is the highest common factor of 62 and 496?
62
What is the greatest common factor of 384 and 24?
24
Calculate the greatest common factor of 357 and 42.
21
What is the highest common divisor of 561 and 459?
51
What is the highest common factor of 39 and 39?
39
Calculate the greatest common divisor of 3182 and 172.
86
What is the greatest common divisor of 4152 and 4?
4
What is the highest common factor of 10 and 1055?
5
Calculate the highest common divisor of 67 and 12998.
67
Calculate the greatest common factor of 24 and 2.
2
Calculate the greatest common factor of 385 and 77.
77
What is the highest common divisor of 6 and 3147?
3
What is the greatest common factor of 3 and 1763?
1
What is the highest common factor of 32 and 2?
2
What is the highest common factor of 306 and 22?
2
Calculate the greatest common factor of 364 and 980.
28
Calculate the highest common factor of 1224 and 120.
24
What is the greatest common divisor of 36 and 3321?
9
What is the greatest common divisor of 40 and 440?
40
Calculate the greatest common divisor of 464 and 87.
29
Calculate the highest common divisor of 450 and 200.
50
Calculate the highest common divisor of 608 and 19.
19
Calculate the greatest common factor of 3888 and 96.
48
What is the highest common divisor of 20 and 2335?
5
What is the greatest common factor of 14201 and 11?
11
Calculate the greatest common divisor of 2982 and 105.
21
What is the highest common divisor of 50 and 82?
2
Calculate the greatest common divisor of 4788 and 72.
36
What is the greatest common factor of 12 and 104?
4
What is the greatest common factor of 28 and 12?
4
Calculate the highest common factor of 2438 and 184.
46
Calculate the highest common divisor of 529 and 23.
23
What is the greatest common factor of 87 and 145?
29
What is the greatest common divisor of 34 and 425?
17
Calculate the highest common divisor of 27874 and 154.
154
Calculate the greatest common divisor of 48 and 4104.
24
Calculate the highest common divisor of 175 and 200.
25
What is the greatest common factor of 27 and 3?
3
What is the highest common divisor of 4556 and 34?
34
What is the highest common factor of 14 and 4?
2
What is the greatest common divisor of 264 and 56?
8
Calculate the greatest common divisor of 361 and 38.
19
Calculate the greatest common divisor of 204 and 28.
4
What is the highest common factor of 949 and 584?
73
Calculate the highest common divisor of 979 and 11.
11
What is the highest common factor of 62813 and 23?
23
Calculate the highest common divisor of 12 and 9036.
12
What is the highest common divisor of 10 and 22340?
10
What is the highest common factor of 52 and 13?
13
What is the greatest common factor of 54 and 24?
6
What is the greatest common factor of 27 and 1?
1
Calculate the greatest common factor of 19 and 1197.
19
Calculate the greatest common factor of 232 and 1972.
116
Calculate the greatest common divisor of 25 and 1225.
25
What is the greatest common factor of 1216 and 836?
76
Calculate the greatest common divisor of 80 and 340.
20
Calculate the greatest common factor of 20493 and 1485.
297
What is the highest common factor of 102 and 136?
34
What is the greatest common factor of 7086 and 30?
6
What is the highest common divisor of 165 and 3575?
55
What is the greatest common divisor of 1370 and 10?
10
Calculate the highest common divisor of 1274 and 392.
98
Calculate the greatest common divisor of 236 and 6431.
59
Calculate the highest common factor of 76 and 570.
38
Calculate the highest common divisor of 113 and 339.
113
Calculate the highest common factor of 5 and 2.
1
What is the greatest common factor of 28 and 108?
4
What is the highest common divisor of 764 and 4?
4
Calculate the highest common factor of 705 and 30.
15
Calculate the highest common divisor of 259 and 140.
7
What is the greatest common divisor of 850 and 50?
50
What is the highest common divisor of 11 and 297?
11
Calculate the greatest common factor of 33 and 209.
11
What is the highest common factor of 182 and 52?
26
Calculate the greatest common divisor of 4 and 7.
1
Calculate the greatest common divisor of 97 and 291.
97
What is the highest common factor of 2896 and 3077?
181
Calculate the greatest common factor of 2050 and 150.
50
Calculate the highest common factor of 13 and 871.
13
Calculate the highest common divisor of 144 and 90.
18
Calculate the highest common divisor of 44 and 121.
11
Calculate the highest common factor of 26 and 2275.
13
What is the greatest common factor of 7600 and 95?
95
What is the highest common factor of 12 and 6276?
12
What is the greatest common divisor of 308 and 462?
154
Calculate the highest common factor of 844 and 633.
211
What is the greatest common factor of 344 and 8?
8
Calculate the highest common divisor of 676 and 572.
52
What is the highest common factor of 45 and 5235?
15
Calculate the highest common divisor of 295 and 5.
5
What is the highest common divisor of 5134 and 34?
34
What is the highest common divisor of 955 and 10123?
191
Calculate the greatest common factor of 80 and 240.
80
What is the highest common factor of 9 and 477?
9
Calculate the greatest common factor of 2130 and 10.
10
Calculate the greatest common divisor of 21350 and 35.
35
Calculate the greatest common factor of 481 and 104.
13
What is the highest common factor of 65 and 117?
13
What is the highest common divisor of 15 and 3820?
5
Calculate the greatest common divisor of 357 and 1176.
21
Calculate the greatest common divisor of 11 and 5599.
11
Calculate the greatest common factor of 38 and 7011.
19
What is the highest common factor of 68 and 85?
17
Calculate the highest common factor of 81 and 99.
9
What is the greatest common divisor